* using log directory ‘/Users/gitlab/builds/Rdatatable/data.table/data.table.Rcheck’ * using R version 4.4.3 (2025-02-28) * using platform: aarch64-apple-darwin20 * R was compiled by Apple clang version 14.0.0 (clang-1400.0.29.202) GNU Fortran (GCC) 12.2.0 * running under: macOS Sequoia 15.6.1 * using session charset: UTF-8 * using option ‘--no-manual’ * checking for file ‘data.table/DESCRIPTION’ ... OK * this is package ‘data.table’ version ‘1.17.99’ * package encoding: UTF-8 * checking package namespace information ... OK * checking package dependencies ... OK * checking if this is a source package ... OK * checking if there is a namespace ... OK * checking for executable files ... OK * checking for hidden files and directories ... OK * checking for portable file names ... OK * checking for sufficient/correct file permissions ... OK * checking whether package ‘data.table’ can be installed ... ERROR Installation failed. See ‘/Users/gitlab/builds/Rdatatable/data.table/data.table.Rcheck/00install.out’ for details. * DONE Status: 1 ERROR